= -4*z - 4*c. Suppose -2*u + 2220 = z*u. List the prime factors of u.
5, 37
Let d(n) = 21*n**2 + 25*n - 33. List the prime factors of d(-9).
3, 13, 37
Let g be -4*(3 - (-54)/(-8)). Let c = g - 22. Let o = 0 - c. What are the prime factors of o?
7
Let v(b) = -18*b - 5. List the prime factors of v(-2).
31
Let v(h) = -h**2 + 23*h + 200. What are the prime factors of v(18)?
2, 5, 29
Let i = 14 - -22. Suppose 0 = -y - 4*t - 19 - i, 5*y + 230 = -5*t. Let u = y - -69. What are the prime factors of u?
2, 13
Suppose 6*y - 16*y + 6820 = 0. What are the prime factors of y?
2, 11, 31
Let d(c) be the third derivative of -143*c**6/120 - c**5/60 - c**4/8 - 2*c**3/3 - 14*c**2. List the prime factors of d(-1).
3, 47
Let j(o) = 45*o + 22. List the prime factors of j(3).
157
Let o(f) = f**3 + 14*f**2 + 17*f - 20. Let l be (1/(-3)*4)/((-4)/(-30)). What are the prime factors of o(l)?
2, 3, 5, 7
Let w(k) = -k**2 - 13*k - 31. Let l be w(-9). Suppose l*z + 99 - 354 = 0. What are the prime factors of z?
3, 17
Let u(x) = -x - 143. Let h be u(0). Let w = h + 300. What are the prime factors of w?
157
Let j(u) = -18*u + 231. Let w be j(13). Let x be (-15)/(1*(-2)/4). Let k = w + x. List the prime factors of k.
3
Let d(g) = g**3 - 18*g**2 + 16*g + 19. Let t be d(17). Let i(u) = 10*u + 11. What are the prime factors of i(t)?
31
Let g(s) = 9*s**3 + 3*s + 1. Let p(t) = 17*t**3 - t**2 + 6*t + 1. Let y(w) = -7*g(w) + 3*p(w). List the prime factors of y(-2).
2, 43
Let h(w) = w**2 - 6*w + 4. Let p be h(6). List the prime factors of 3 - (-62 + -4 + p).
5, 13
Let b = 25 + 25. Let u = 135 - b. What are the prime factors of u?
5, 17
Let t(j) = -j**3 + 17*j**2 - 13*j + 16. List the prime factors of t(7).
5, 83
Suppose 4 = l + 3. Let c = l + -1. Suppose -2*a + 4*w + 48 = c, -2*w - 17 = -a - 7*w. List the prime factors of a.
2, 11
Suppose -u - 2*s = 3*s - 36, -5*u = -4*s - 180. Let d = -214 + 205. Let b = u - d. List the prime factors of b.
3, 5
Suppose -8*q = -35348 - 780. List the prime factors of q.
2, 1129
Suppose -9*n + 592 = -7*n. What are the prime factors of n?
2, 37
Let q be (-519)/(-2) - 1/2. Let j(m) = 2*m**3 + 2*m**2 + m - 2. Let g be j(1). What are the prime factors of g/12 + q/4?
5, 13
Suppose 3*j + 3*m = 900, 5*j - 4*m = -6*m + 1497. Let n = 515 - j. What are the prime factors of n?
2, 3
Let x(t) = -t**3 + 5*t**2 + 15*t - 15. Let g be x(7). Let j = 33 + -15. Let w = g + j. List the prime factors of w.
2, 5
Let g(i) = -3*i + 5. Let w be g(0). Suppose 3*d + 0*d - 256 = -4*t, t - 41 = w*d. What are the prime factors of t?
61
Let b(x) = 16 + 15 + 3*x**2 - 10*x - 45 - 2*x**2. List the prime factors of b(12).
2, 5
Let p = -3024 - -5528. List the prime factors of p.
2, 313
List the prime factors of (2106/(-135))/((-2)/235).
3, 13, 47
Let n(t) = 202*t**3 + 10*t**2 - 32*t + 10. List the prime factors of n(3).
2, 2729
Let x(q) be the first derivative of q**4/4 - 2*q**3/3 + q**2/2 + 2*q + 3. Let v be x(2). Suppose 110 = v*n + n. What are the prime factors of n?
2, 11
Let d be 4/(-2) + 4 + 0. Let h be ((-18)/(-27))/(d/(-3)). List the prime factors of -74*h/(0 + 2).
37
What are the prime factors of (-1)/(-1)*(13 + 897)?
2, 5, 7, 13
Let v(a) = 956*a - 12. List the prime factors of v(1).
2, 59
Let o(z) = -z**3 - 25*z**2 + 5*z + 16. What are the prime factors of o(-26)?
2, 281
Suppose 3*h - 7670 = 4*b, 6245 - 1165 = 2*h + 4*b. List the prime factors of h.
2, 3, 5, 17
Let u = 1633 + -1081. List the prime factors of u.
2, 3, 23
Suppose -3 + 6 = g. Suppose s + 246 = g*s. List the prime factors of s.
3, 41
Let x(m) = 3*m**3 - 9*m**2 - 21*m + 64. List the prime factors of x(8).
2, 107
Let r(v) = 2*v + 14*v**3 - 2*v**2 + 28*v**3 - 6 - 19*v**3. What are the prime factors of r(2)?
2, 3, 29
Let w be 2 + 4/(8/218). Suppose 6*j - 3*j - w = 0. What are the prime factors of j?
37
Suppose -4*j = 2*p + 312, 0*j + 5*j = -2*p - 313. What are the prime factors of -4 - 36/(-6) - p/2?
79
Suppose -426 + 170 = 2*y. Let i = -65 - y. List the prime factors of i.
3, 7
Let w be 1*(-4)/(-1)*1. Let y(a) = 12 + w*a - 1 - 8. What are the prime factors of y(18)?
3, 5
Let b(i) = i**3 - 4*i**2 - 15*i - 5. Let v = 41 - 34. List the prime factors of b(v).
37
Suppose -5*f - 4*z + 794 = -0*z, z + 814 = 5*f. List the prime factors of f.
2, 3
Let n(k) = 19*k + 141. List the prime factors of n(15).
2, 3, 71
Let z = 2297 - 159. List the prime factors of z.
2, 1069
Let r(c) = 11*c - 2. Let h(w) = 12*w - 3. Let q(k) = -6*h(k) + 7*r(k). Suppose -l = 0, 15 = -2*v + 7*v + 5*l. What are the prime factors of q(v)?
19
Suppose -2*l - 3*d + 332 = -213, -5*l - 5*d + 1370 = 0. Suppose 4*w = 5*o + 276, -2*o + 3*w - l = 3*o. List the prime factors of (-1 + 7)/((-6)/o).
2, 7
Suppose 2*u + 59 - 51 = 0. List the prime factors of u + (-3 - -3) + 166.
2, 3
Let g(i) = -i**3 + 7*i**2 + i - 4. Let k be g(7). Let s be k/2*(-4)/(-2). Suppose 102 = 5*f - s*o, -2*o - 67 = -3*f - 6*o. List the prime factors of f.
3, 7
Let z(w) = -w**3 + 5*w**2 + 10*w + 1. Let d(m) = m**2 + 15*m + 3. Let g be d(-15). Suppose -a + 0 = k - 3, -g*a = 4*k - 6. List the prime factors of z(a).
5
Suppose 0*r - 12 = 4*r + 4*q, -2*q = 10. Let g be -7 + (r - (3 + -3)). What are the prime factors of (13*g)/(6/(-6))?
5, 13
Let m(d) = d**2 - 12*d - 20. List the prime factors of m(-17).
11, 43
Suppose -3*u - 3*i = -6447, -4*u - 2*i + 5160 = -3434. What are the prime factors of u?
2, 3, 179
Suppose -5082 = -16*r + 6662. What are the prime factors of r?
2, 367
Let b = -93 - -98. Let h(z) = 2*z - 6. Let a be h(4). Suppose -b*l + a = -58. What are the prime factors of l?
2, 3
Suppose -3*i + 2156 + 4117 = -4*t, 3*i - 6297 = -4*t. List the prime factors of i.
5, 419
Let m = 18 - 15. Suppose m*f = -f + 400. Suppose 11*g + f = 15*g. List the prime factors of g.
5
Suppose 0 = 2*o - 5*i - 46, o - i = 5*o - 48. Let n = o - -47. What are the prime factors of n?
2, 3, 5
Let g(i) = 3*i**2 + 8*i + 4. Let f(y) = 2*y**2. Let k(n) = 2*f(n) - 2*g(n). Let j be k(-7). Let d = j + -2. List the prime factors of d.
2
Let w(t) = -t**2 - 19*t - 25. Let v = 57 + -74. What are the prime factors of w(v)?
3
Let t(v) be the second derivative of -7*v**5/20 + v**4/12 + v**3 - v**2/2 - 13*v. List the prime factors of t(-3).
179
Let y = -221 + 555. List the prime factors of y.
2, 167
Let r(q) = 36*q + 40. List the prime factors of r(13).
2, 127
List the prime factors of 1776/68 - ((-45)/51 + 1).
2, 13
Let c(r) be the first derivative of -r**4/4 - 8*r**3/3 - 4*r**2 + 9*r + 4. What are the prime factors of c(-7)?
2
List the prime factors of (19/5 - 3)/(5/850).
2, 17
Let y(p) = -3*p - 1. Let z(r) = -19*r - 7. Let d(c) = -34*y(c) + 6*z(c). List the prime factors of d(-9).
2, 5
Let j(n) be the second derivative of -n**5/20 + 3*n**4/4 - 2*n**3/3 - 7*n**2/2 - 12*n. List the prime factors of j(6).
7, 11
List the prime factors of (-30)/(-45) - 1198/(-3).
2, 5
Let i = 641 + -385. Let t(l) = -21*l - 29. Let m be t(-10). Let a = i - m. What are the prime factors of a?
3, 5
Suppose -2*h - 3*v = v - 62, 4*v = 12. Suppose -h*w + 333 = -22*w. What are the prime factors of w?
3, 37
Suppose 33 = 5*s + 6*s. Suppose 2*a - 2*l - 280 = 0, -s*l = -4*a + 206 + 357. What are the prime factors of a?
11, 13
Let p be 2/((-6)/(-4) - 1). Suppose 172 = p*f - 116. Suppose 5*t = 2*t + f. List the prime factors of t.
2, 3
Suppose 8*o = -5*o + 65. Suppose -5*v + 0*v = o*p - 150, -4*p + 135 = v. What are the prime factors of p?
5, 7
What are the prime factors of 0 + 6 + 640 + 8?
2, 3, 109
Suppose -3*p - p + 5 = m, 3*m + 5*p = 15. Suppose -a + 4*k + 114 = a, 5*k + 295 = m*a. List the prime factors of a.
61
Let w(p) = -p**3 - 24*p**2 - 10*p - 38. Let b be w(-24). Suppose b + 185 = 3*f. What are the prime factors of f?
3, 43
Let i(m) = -3*m**3 + 3*m**2 + 4*m + 2. Let o = -4 + 4. Suppose 0 = -3*g - 2*d - 10, o*d - 2 = -g + 2*d. What are the prime factors of i(g)?
2, 3, 5
Suppose 4*h - 12 = -3*o, -o - 4*h = -0*h - 12. List the prime factors of (o - 1)/((-8)/392).
7
Suppose 0 = -7*p + 3852 + 8510. What are the prime factors of p?
2, 883
Let v = 370 - -558. List the prime factors of v.
2, 29
Suppose 75 = 3*q - 0*q. Let l = q + -4. Suppose 5*r - 2*r = l. What are the prime factors of r?
7
Let h = 1927 + -1214. What are the prime factors of h?
23, 31
Let f be